 base 2?
-1110010000011011010110
Convert -10645a (base 13) to base 15.
-7921b
105653 (base 12) to base 10
258399
Convert 14b19a (base 15) to base 4.
3303333022
86dc22 (base 15) to base 12
219a465
-17165461 (base 10) to base 5
-13343243321
-460780 (base 11) to base 16
-b2f39
Convert 102210111102102 (base 3) to base 6.
342211015
Convert -312805 (base 10) to base 13.
-ac4bc
-4ab19 (base 13) to base 10
-138095
What is 3461cc (base 15) in base 10?
2501292
Convert -21122002331 (base 4) to base 15.
-33a9db
1312323020 (base 4) to base 13
140942
6425506 (base 7) to base 16
be672
What is -408127 (base 11) in base 12?
-277076
4101410 (base 7) to base 6
14243005
What is -1340d2 (base 16) in base 9?
-2332745
Convert 248312 (base 13) to base 4.
3111212300
What is 73ea3d (base 16) in base 14?
101a629
1041234 (base 5) to base 12
a727
What is 11011001001001010000111 (base 2) in base 3?
111101111111022
24609c (base 13) to base 12
35b679
What is -33441310 (base 7) in base 3?
-12110101021221
77455 (base 14) to base 15
5a954
What is 1289911 (base 11) in base 2?
1000011110111011111111
Convert -2494469 (base 10) to base 16.
-261005
Convert 3c0999 (base 14) to base 10.
2076363
Convert 303b1 (base 12) to base 14.
18c3b
What is -32109 (base 10) in base 11?
-22140
Convert bb51d8 (base 14) to base 9.
12852286
Convert -109193 (base 10) to base 14.
-2bb17
Convert -2010022021 (base 4) to base 2.
-10000100001010001001
What is 35623 (base 12) in base 16?
1183b
Convert 27377217 (base 8) to base 7.
103234141
Convert 1286927 (base 12) to base 7.
43056100
-1210020001020 (base 3) to base 15
-13b396
Convert -11100010001111001010 (base 2) to base 10.
-926666
What is 606404 (base 7) in base 11?
70508
Convert -1390a2 (base 15) to base 6.
-32104025
Convert -2366366 (base 8) to base 9.
-1201262
-121675 (base 9) to base 5
-4322304
-17640 (base 16) to base 12
-47540
What is -40bb8 (base 14) in base 15?
-3133c
What is -81436 (base 10) in base 6?
-1425004
What is 2307543 (base 12) in base 15?
8ce706
Convert 1c56cb (base 13) to base 3.
1100220010222
1060723 (base 9) to base 14
10c33d
10111110001010001000 (base 2) to base 5
144411023
1210002112011 (base 3) to base 12
397994
What is 192198 (base 10) in base 2?
101110111011000110
What is 2370649 (base 10) in base 13?
650068
What is 1e205 (base 15) in base 11?
67971
-200201202001 (base 3) to base 5
-43244221
What is 3ac8c (base 14) in base 2?
100011011100001100
What is -61458 (base 11) in base 14?
-249ac
Convert -103687 (base 14) to base 10.
-547351
Convert -111551254 (base 6) to base 5.
-1011130030
-117838 (base 9) to base 8
-213344
-bca51 (base 13) to base 3
-122101112110
What is 10121112200 (base 4) in base 2?
100011001010110100000
300984 (base 11) to base 13
13c5b6
What is -2026327 (base 10) in base 7?
-23136442
Convert -cc89b (base 14) to base 11.
-309409
-311233120 (base 4) to base 6
-4415024
Convert 14811 (base 10) to base 16.
39db
Convert -158358 (base 9) to base 13.
-357a1
Convert -21692 (base 14) to base 6.
-1422240
-3826476 (base 9) to base 12
-846450
Convert -858008 (base 9) to base 4.
-1330300331
-7ba7 (base 16) to base 15
-95a5
125316 (base 10) to base 2
11110100110000100
What is 14006611 (base 7) in base 2?
100111100100001110011
What is 277147 (base 9) in base 4?
221110210
Convert 39a788 (base 11) to base 10.
629175
-103112123 (base 4) to base 16
-1359b
What is -92963 (base 13) in base 8?
-1001605
Convert 4443041 (base 7) to base 2.
10000101111010000110
Convert 8735162 (base 10) to base 13.
1a6ac47
What is 10121012 (base 6) in base 10?
290528
Convert -2301001333 (base 5) to base 7.
-61204135
What is -85b728 (base 13) in base 3?
-12220110020222
What is -4061410 (base 12) in base 5?
-11042230133
-22983 (base 13) to base 4
-33122220
Convert 10111210121 (base 3) to base 10.
69109
What is -833 (base 15) in base 7?
-5250
Convert 14a143b (base 12) to base 16.
3ff32f
What is 137799 (base 10) in base 11?
94592
433033210 (base 5) to base 16
1c2b27
13720631 (base 8) to base 6
150523401
40050020 (base 6) to base 12
463910
What is -622520 (base 8) in base 3?
-101110210120
Convert -11011001001010010 (base 2) to base 6.
-2214430
What is -2432314124 (base 5) in base 4?
-111322210102
-43d49 (base 15) to base 2
-110100101001000011
Convert -47669 (base 12) to base 3.
-11212200000
Convert -12202022201102 (base 3) to base 7.
-34662116
Convert -876511 (base 13) to base 10.
-3184312
10101202110201 (base 3) to base 2
110111000111011111100
What is 10110412334 (base 5) in base 3?
201021122101210
-212110 (base 9) to base 16
-1ecff
Convert -2440454 (base 6) to base 14.
-3541c
Convert 4406847 (base 11) to base 9.
15505472
What is 558997 (base 11) in base 5?
211442203
What is -86784a (base 11) in base 15?
-1c5c98
Convert -131231442 (base 5) to base 9.
-1188227
Convert -70609a (base 14) to base 4.
-32123023320
Convert 11327255 (base 8) to base 12.
9b1179
-1121121020210 (base 3) to base 16
-d1868
What is -20303422 (base 5) in base 10?
-166112
Convert -19974b (base 14) to base 10.
-909703
2041427 (base 11) to base 12
1259462
17766c0 (base 13) to base 5
3423441024
Convert 632321 (base 8) to base 12.
a1729
Convert -6229092 (base 10) to base 14.
-b82112
-234014423 (base 5) to base 15
-164c28
5412004 (base 7) to base 4
2200302010
11111101011110000000 (base 2) to base 6
34130304
What is 797828 (base 10) in base 4?
3002302010
Convert 1021133133 (base 4) to base 7.
2362422
What is -311667 (base 8) in base 10?
-103351
237289 (base 11) to base 2
1011011101110000001
Convert -1200222011000 (base 3) to base 16.
-dce5d
Convert -101001010111001100 (base 2) to base 5.
-20410140
82975 (base 12) to base 4
221223221
Convert 4a8688 (base 13) to base 3.
10100220201012
What is 672a5e (base 16) in base 2?
11001110010101001011110
Convert -755450 (base 8) to base 3.
-110211122201
-12325142 (base 9) to base 3
-102100212011102
Convert -335100 (base 7) to base 10.
-59388
What is -75b056 (base 13) in base 16?
-2a350e
Convert 13520244 (base 6) to base 12.
1a3084
280286 (base 10) to base 7
2245106
11333010 (base 4) to base 2
101111111000100
-666565 (base 8) to base 9
-372117
Convert 19767a (base 12) to base 6.
13340234
Convert -4bcc6 (base 14) to base 9.
-313582
Convert 245120 (base 7) to base 6.
544152
What is 5043432 (base 6) in base 5?
30124101
What is -4311b3 (base 15) in base 11?
-1891068
Convert 332120332012 (base 4) to base 14.
225a4d0
5460a5 (base 13) to base 3
10201210120110
24246156 (base 9) to base 14
18030d8
111201002020 (base 3) to base 12
110166
What is 3385127 (base 13) in base 15?
15cb83b
10410413 (base 5) to base 14
25418
What is 20001111102 (base 3) in base 7?
1004330
-28b541 (base 16) to base 11
-1562430
Convert -44136522 (base 7) to base 16.
-39d8f9
Convert -69288 (base 15) to base 11.
-209516
-11a12c (base 14) to base 13
-181b61
What is 24026253 (base 7) in base 16?
206b86
Convert 609431 (base 10) to base 16.
94c97
Convert -8aa7915 (base 11) to base 8.
-74634366
Convert 514c4 (base 13) to base 2.
100011100110101110
What is -52321304 (base 6) in base 8?
-5627210
69046a (base 12) to base 3
10011100220101
Convert 14a08c (base 13) to base 16.
7bee7
What is -3031313 (base 5) in base 8?
-137476
103000113 (base 4) to base 14
20527
What is 100010001101101111010 (base 2) in base 15?
1722d1
-19cda2 (base 14) to base 3
-1201200212221
Convert 130313333 (base 4) to base 2.
11100110111111111
-1043014243 (base 5) to base 13
-63016a
What is -101111000011011010100100 (base 2) in base 11?
-6a65315
-442a (base 15) to base 16
-3868
Convert 1122110200 (base 3) to base 16.
7ea2
What is -a0e96 (base 15) in base 3?
-221212221220
-2515410 (base 6) to base 9
-224716
Convert ba769 (base 16) to base 6.
24211521
11376 (base 8) to base 16
12fe
-1027502 (base 9) to base 8
-2062271
What is 1220 (base 16) in base 4?
1020200
-ace3 (base 16) to base 5
-2404014
-bde23 (base 15) to base 8
-2233435
What is -4a506 (base 11) in base 9?
-120378
Convert -342ba91 (base 12) to base 10.
-10015309
What is -220121110102 (base 3) in base 5?
-111000031
Convert -6a3b90 (base 12) to base 3.
-10012201212200
What is -1584101 (base 9) in base 8?
-3272774
What is -212021121020 (base 3) in base 13?
-130770
What is 163097 (base 10) in base 3?
22021201122
Convert -1210765 (base 8) to base 6.
-11042153
What is -1146166 (base